{"id":4190,"date":"2026-08-31T01:13:49","date_gmt":"2026-08-31T01:13:49","guid":{"rendered":"https:\/\/www.climate-justice.earth\/?page_id=4190"},"modified":"2026-08-31T01:45:49","modified_gmt":"2026-08-31T01:45:49","slug":"encuesta-hermosillo","status":"publish","type":"page","link":"https:\/\/www.climate-justice.earth\/es\/restart\/encuesta-hermosillo\/","title":{"rendered":"Encuesta Hermosillo"},"content":{"rendered":"\n<h2 class=\"wp-block-heading\"><strong>\u00bfQu\u00e9 zonas de Hermosillo deber\u00edan recibir mayor atenci\u00f3n frente al calor extremo?<\/strong><\/h2>\n\n\n\n<p class=\"wp-block-paragraph\">Esta encuesta forma parte del proyecto de investigaci\u00f3n\u00a0<strong>RESTART<\/strong> <strong>| Urban climate justice and community participation towards inclusive adaptation strategies<\/strong> y busca incorporar el conocimiento y la experiencia de actores locales de Hermosillo en la identificaci\u00f3n de zonas prioritarias de atenci\u00f3n frente al calor extremo.<br>A trav\u00e9s de las respuestas de los actores se pretende conocer qu\u00e9 dimensiones y criterios deber\u00edan tener mayor importancia al analizar el territorio y definir prioridades de adaptaci\u00f3n. La encuesta no busca una \u00fanica respuesta correcta, sino recoger distintas perspectivas profesionales e institucionales sobre un problema complejo y territorialmente desigual.<\/p>\n\n\n\n<figure class=\"wp-block-image size-full\"><img decoding=\"async\" src=\"https:\/\/www.climate-justice.earth\/wp-content\/uploads\/2026\/08\/IMG_2262.heic\" alt=\"\" class=\"wp-image-4199\"\/><\/figure>\n\n\n\n<p class=\"wp-block-paragraph\"><\/p>\n","protected":false},"excerpt":{"rendered":"<p>\u00bfQu\u00e9 zonas de Hermosillo deber\u00edan recibir mayor atenci\u00f3n frente al calor extremo? Esta encuesta forma parte del proyecto de investigaci\u00f3n\u00a0RESTART | Urban climate justice and community participation towards inclusive adaptation strategies y busca incorporar el conocimiento y la experiencia de actores locales de Hermosillo en la identificaci\u00f3n de zonas prioritarias de atenci\u00f3n frente al calor&#8230; <\/p>\n<div class=\"clear\"><\/div>\n<p><a href=\"https:\/\/www.climate-justice.earth\/es\/restart\/encuesta-hermosillo\/\" class=\"gdlr-button with-border excerpt-read-more\">Read More<\/a><\/p>\n","protected":false},"author":459,"featured_media":0,"parent":3707,"menu_order":0,"comment_status":"closed","ping_status":"closed","template":"","meta":{"_vp_format_video_url":"","_vp_image_focal_point":[],"footnotes":""},"class_list":["post-4190","page","type-page","status-publish","hentry"],"_links":{"self":[{"href":"https:\/\/www.climate-justice.earth\/es\/wp-json\/wp\/v2\/pages\/4190","targetHints":{"allow":["GET"]}}],"collection":[{"href":"https:\/\/www.climate-justice.earth\/es\/wp-json\/wp\/v2\/pages"}],"about":[{"href":"https:\/\/www.climate-justice.earth\/es\/wp-json\/wp\/v2\/types\/page"}],"author":[{"embeddable":true,"href":"https:\/\/www.climate-justice.earth\/es\/wp-json\/wp\/v2\/users\/459"}],"replies":[{"embeddable":true,"href":"https:\/\/www.climate-justice.earth\/es\/wp-json\/wp\/v2\/comments?post=4190"}],"version-history":[{"count":7,"href":"https:\/\/www.climate-justice.earth\/es\/wp-json\/wp\/v2\/pages\/4190\/revisions"}],"predecessor-version":[{"id":4201,"href":"https:\/\/www.climate-justice.earth\/es\/wp-json\/wp\/v2\/pages\/4190\/revisions\/4201"}],"up":[{"embeddable":true,"href":"https:\/\/www.climate-justice.earth\/es\/wp-json\/wp\/v2\/pages\/3707"}],"wp:attachment":[{"href":"https:\/\/www.climate-justice.earth\/es\/wp-json\/wp\/v2\/media?parent=4190"}],"curies":[{"name":"wp","href":"https:\/\/api.w.org\/{rel}","templated":true}]}}

<h2 class="wp-block-heading"><strong>¿Qué zonas de Hermosillo deberían recibir mayor atención frente al calor extremo?</strong></h2>



<p class="wp-block-paragraph">Esta encuesta forma parte del proyecto de investigación <strong>RESTART</strong> <strong>| Urban climate justice and community participation towards inclusive adaptation strategies</strong> y busca incorporar el conocimiento y la experiencia de actores locales de Hermosillo en la identificación de zonas prioritarias de atención frente al calor extremo.<br>A través de las respuestas de los actores se pretende conocer qué dimensiones y criterios deberían tener mayor importancia al analizar el territorio y definir prioridades de adaptación. La encuesta no busca una única respuesta correcta, sino recoger distintas perspectivas profesionales e institucionales sobre un problema complejo y territorialmente desigual.</p>



<figure class="wp-block-image size-full"><img decoding="async" src="https://www.climate-justice.earth/wp-content/uploads/2026/08/IMG_2262.heic" alt="" class="wp-image-4199"/></figure>



<p class="wp-block-paragraph"></p>

<p>¿Qué zonas de Hermosillo deberían recibir mayor atención frente al calor extremo? Esta encuesta forma parte del proyecto de investigación RESTART | Urban climate justice and community participation towards inclusive adaptation strategies y busca incorporar el conocimiento y la experiencia de actores locales de Hermosillo en la identificación de zonas prioritarias de atención frente al calor&#8230; </p>
<div class="clear"></div>
<p><a href="https://www.climate-justice.earth/es/restart/encuesta-hermosillo/" class="gdlr-button with-border excerpt-read-more">Read More</a></p>
